*3. Determine f(-2).
5
Let s(a) = 1. Suppose -10*u + 7*u + 3 = 0. Let k(m) = 2*m + 4. Let p(y) = u*k(y) + 10*s(y). Give p(-10).
-6
Let w(g) be the second derivative of -g**5/40 - g**4/24 + g**3/3 - g. Let f(x) be the second derivative of w(x). Let z = 2163 + -2164. Give f(z).
2
Let d(j) = 107*j + 11 + 107*j - 4 - 217*j. Give d(0).
7
Let i(z) = z**2. Let f be i(2). Suppose -5*v + 4*t + 16 + 11 = 0, 0 = -3*v + 5*t + 24. Suppose v = f*m - 1. Let c(k) = -7*k**3. Give c(m).
-7
Let c(i) = 10*i + 0 - 8 + 4 - i**2 - 2*i. Give c(6).
8
Suppose 0*n = 2*n - 8. Let w(v) = 4*v - 2*v - 3*v + 3 - n. Let h be 20/6*(-6)/(-4). Determine w(h).
-6
Let i = 1 - -1. Let g(j) = j**i + 30*j - 30*j. Give g(1).
1
Let b(r) be the second derivative of -r**4/12 + r**3/6 + r**2/2 - r. Let d be (-1)/(-5) + -10 + 343/35. Give b(d).
1
Let a(v) = 4*v - 23. Let z be (-120)/(-12)*9/15. Let d be a(z). Let p(h) = 3*h - 1 - 6*h**3 - h**2 - 4*h + 2*h. What is p(d)?
-7
Let x(c) = -2*c**3 - 6*c**2 + 6*c + 2. Let n = 539 - 543. Determine x(n).
10
Suppose 78 = k - 2*r, -4*k + 0*k = -5*r - 327. Let a = -92 + k. Let x(f) = -f**3 - 4*f**2 - 4*f + 4. What is x(a)?
20
Let h(s) = s + 13. Suppose -5*b - 7 = 2*l, 7*l - 4*b = 8*l + 2. Calculate h(l).
7
Let p(f) = -f**2 - 7*f - 4. Let h be (126/(-7))/6 - 5. What is p(h)?
-12
Let v(a) be the first derivative of -a**2/2 + 25*a + 74. Determine v(12).
13
Let d(m) = -51*m + 6. Let t(i) = -28*i + 3. Let c(b) = 4*d(b) - 7*t(b). What is c(-2)?
19
Suppose f + 16 = 4*w + 2*f, 0 = -w - 3*f + 4. Suppose 0 = k + 5*a - 5, 0 = 5*k + w*a - 5 + 1. Let c(n) = -n**2 + n + 7. Calculate c(k).
7
Let q(d) be the second derivative of d**5/20 + 11*d**4/12 - d**3/6 - 9*d**2/2 + 49*d. Calculate q(-11).
2
Let r(i) = 2*i**3 + 2*i**2 - i + 4. Let o(g) = 3*g**3 + 4*g**2 - 2*g + 7. Let l(s) = -3*o(s) + 5*r(s). Calculate l(-3).
-49
Let f(v) be the third derivative of v**4/24 - 3*v**3/2 - 6*v**2. Let h be f(10). Let d(i) = -2*i**3 - i**2. What is d(h)?
-3
Suppose -k + 5*k = 44. Let f(g) = -g + 8. Let i be f(k). Let a(u) = 3*u**2 + 6*u - 13. Let j(r) = -r**2 - 2*r + 4. Let c(v) = 2*a(v) + 7*j(v). What is c(i)?
-1
Let l(q) be the second derivative of -q**6/360 - q**5/20 + q**4/12 - 13*q**3/2 - q**2 - 32*q. Let d(c) be the second derivative of l(c). Calculate d(-6).
2
Let a(k) be the second derivative of -k**3/2 + 3*k**2 - 2*k. Let d = -19 - -23. Suppose 2*s - 4*j - 28 = 0, -4*s = -0*s - d*j - 36. Give a(s).
-6
Let a(o) = -o - 1. Let b(v) = 3*v + 1. Let i(c) = 5*a(c) + 2*b(c). Calculate i(-10).
-13
Let f(u) = -2*u**2 - 14*u - 1. Let r(w) = 3*w**2 - 31*w + 69. Let b be r(4). Calculate f(b).
-1
Suppose 6*o = 5*o - 3*m + 16, 2*o + 2*m = 40. Let q = o - 20. Let p(f) = -f**3 - f**2 - f + 1. Give p(q).
-13
Suppose 2*w = 8, -2*w + 2 = 2*i + w. Let q(v) = v**2 - 10. Give q(i).
15
Let y(w) = 21*w - 10*w - 2*w - 5 + 2*w. Give y(1).
6
Let r(i) = -55*i + 379. Let l be r(7). Let h(q) = -q**3 - 6*q**2 + 3*q - 6. What is h(l)?
-24
Suppose -s + 2 - 17 = 0. Let x be (s/10)/((-9)/12). Let v(i) = -i**3 - 4*i + i**2 + 3*i + 2*i - 6*i**x. Calculate v(-5).
-5
Let y(l) be the first derivative of 7*l**3/3 - l**2 - l - 1. Let h(n) = -26*n**3 + 9*n**3 - 1 - 6*n - 7*n**2 + 6*n**3 + 10*n**3. Let p be h(-6). What is y(p)?
8
Let m be -9*6/9 - (28 - 38). Let f(r) = 4*r - 19. Determine f(m).
-3
Let q(u) = -u**2 + 5*u - 1. Let h = 0 - -15. Suppose 4*f = -z + 40, f - 3*z = -2*f + h. Suppose -2*a = a - f. Calculate q(a).
5
Let u(o) = -2*o + 9. Let l(n) = -n. Let m(b) = l(b) - u(b). Let h be (1 + -2)*0 + 2. Suppose -15 = -h*y - x, 0*y + 2*x + 12 = 3*y. Calculate m(y).
-3
Let l(g) be the second derivative of -g**7/2520 - g**6/90 - g**5/12 - 13*g**4/4 - 58*g. Let i(h) be the third derivative of l(h). Calculate i(-7).
-3
Let v(u) = -u. Let p(n) = -4*n**3 + n**2 - 8*n + 8. Let x be p(1). What is v(x)?
3
Let h(p) be the second derivative of p**5/30 + p**4/12 - 10*p**3/3 + 19*p. Let i(a) be the second derivative of h(a). Determine i(-3).
-10
Let d(w) = -1 - 7*w**2 - w + 37*w - 38*w. Let k be (-4)/(-14) - (-26)/7. Let h = k + -5. What is d(h)?
-6
Let s be (-9)/(-18) + (-2)/4. Let k(j) = j**3 + j**2 - j + 20. Calculate k(s).
20
Let r(z) = 3*z + 0 + 0. Let b = -866 + 864. Calculate r(b).
-6
Let d(y) = -y + 5. Let k(n) be the first derivative of -5 + n - 1/3*n**3 + 2*n**2. Let z be k(3). Determine d(z).
1
Let s(f) be the second derivative of 10*f + 2 - 1/2*f**2 + 1/6*f**4 + 1/2*f**3. Give s(3).
26
Let x(c) = c**2 - 17*c - 10. Suppose -28 = -2*m - 4*i, -m + 3*i = 195 - 214. What is x(m)?
-26
Suppose 0 = n + 3*q + 10, q = 2*n + 2*q - 5. Suppose -n*z + 12 = -z. Let r(i) = -i**2 + 4*i - 4. What is r(z)?
-1
Let y(x) = x**2 + 27*x - 27*x. Suppose -7*z = -z + 378. Let d = 60 + z. Determine y(d).
9
Suppose 6*z - 40 + 16 = 0. Suppose 5*b = 4*t - 18, 2*t - z*b - 6 = 6. Let x(v) = -2 + 4 - v + t. Determine x(6).
-2
Let u(z) = -z**2 + 16*z - 32. Let f be u(13). Suppose 5*k - f = 8. Let c(j) = j**3 - 4*j. Determine c(k).
15
Let c(k) = 6*k**2 - 15*k + 6. Let w(n) = n**2 - 3*n. Let f(z) = c(z) - 5*w(z). What is f(6)?
42
Let w(p) be the second derivative of -p**3/6 - 5*p**2/2 + p. Let u(s) = -9*s + 418. Let o be u(46). Calculate w(o).
-9
Let n(p) = -p**3 - 2*p**2 - 2*p - 3. Let s(j) = 2*j**3 + 3*j**2 + 3*j + 8. Let q(y) = -5*n(y) - 3*s(y). Determine q(0).
-9
Let t(n) = 87*n**2 + 84*n**2 + 3*n - 1 + 90*n**2 - 262*n**2 - 5. Give t(5).
-16
Let v(t) = -5*t**3 - t**2 + 1. Let d be v(-1). Suppose q = -4*q + 2*z - 13, -5*q - d*z = -15. Let f(o) be the first derivative of 6*o**3 - 16. Give f(q).
18
Let w be 8/12*6/2. Let h(a) = -3*a + 2 + 4*a - 4*a + w*a. Let p be (-2 + 3)*(-2 + -3). What is h(p)?
7
Let z(u) be the third derivative of -u**6/120 - u**5/6 - u**4/8 - 3*u**3/2 + 52*u**2 + 5*u. What is z(-10)?
21
Let h(d) = d**3 - 6*d**2 + 5*d + 5. Suppose -5*r = 2*x - 5, -2*x + r + 11 = 4*r. Suppose 0 = -b + x - 5. Let g be h(b). Let k(q) = q - 3. Determine k(g).
2
Let r(d) = -12*d**3 - 94*d**2 + 16*d + 1. Let w be r(-8). Let n(t) be the first derivative of 8*t**3 + 1. What is n(w)?
24
Let w(x) be the first derivative of -x**3/3 + 5*x**2 + 2*x + 179. Determine w(5).
27
Let p(d) = -3*d + 2. Let q be p(-1). Let m(s) = -s**2 - 4*s - 10. Let h(i) = -2*i**2 - 7*i - 19. Let a(v) = q*m(v) - 3*h(v). What is a(0)?
7
Let p(r) = 2*r + 6. Let y be (10/(-15) - (-6)/9)/(-1). Suppose 4*g + 17 + 7 = y. Calculate p(g).
-6
Let g(i) = -2*i + 9. Let k be (-1 - (-21 + -1)) + 3. Let u = k + -18. Calculate g(u).
-3
Let h(q) = 22 + 17 + 1139*q - 1136*q. Let t be h(-14). Let w(v) = 2*v**2 + 4*v + 1. What is w(t)?
7
Let f(u) be the first derivative of u**4/4 + 5*u**3/3 - 4*u**2 - 5*u - 88. What is f(-6)?
7
Let w(g) be the second derivative of -g**7/2520 + g**6/144 - g**5/60 - 37*g**4/12 + 33*g. Let t(j) be the third derivative of w(j). What is t(4)?
2
Let z(m) be the first derivative of m**4/2 - 10*m**3/3 + 3*m**2/2 + 6*m - 78. Calculate z(5).
21
Let j(s) be the first derivative of -s**3/3 - 3*s**2 - 2. Suppose 53*x + 24 = 49*x. Determine j(x).
0
Let w be 2 + 2 - (2 + 0). Let z(o) = 0*o**w - 3 - 3*o**2 - 4*o + 2*o**3 - 3*o**3. Let v(d) = -d**2 + 3*d + 2. Let k be v(-1). Calculate z(k).
1
Let u(i) = -6*i**2 + 5*i - 3. Let v(q) = 5*q**2 - 4*q + 2. Let g(l) = 4*u(l) + 5*v(l). What is g(3)?
7
Let z = -187 + 179. Let f(o) = -o**2 - 6*o + 6. Determine f(z).
-10
Suppose 4*w + 2*z = 0, 70*w - 75*w + 4*z + 26 = 0. Let h(d) = 3*d**3 - 3*d**2 - d + 2. Give h(w).
12
Let r(c) = -c - 1. Let d be r(0). Let a be (0 - (d - 2)) + 12. Suppose 3*l = 3*s + a, l = 4*s + 9 + 5. Let q(w) = w**3 + 2*w**2 - 3*w - 3. Calculate q(s).
-3
Let q(h) be the first derivative of -h**3/3 + 3*h**2 + 8*h + 47. Calculate q(8).
-8
Let m = -6 + 10. Let n(o) = -o**2 - m + o + 0*o + 9. Let a be (-10)/3 - (-7612)/1038. Calculate n(a).
-7
Let t(i) be the third derivative of i**6/120 - i**5/4 + 7*i**4/12 + 7*i**3/6 + 83*i**2. What is t(14)?
7
Let y = 2 - 1. Let n(p) = -6*p**2 - 6*p + 51. Let l(v) = 6*v**2 + 7*v - 61. Let c(u) = -5*l(u) - 6*n(u). Determine c(y).
6
Let n(r) = r**3 + r. Let s(f) = f**2 + 9*f + 9. Let q be s(-8). Let l be (-5)/((-10)/4)*q. Suppose 0 = -4*m + 6*m + l. Determine n(m).
-2
Suppose 5*u + 15 = -10. Let v = -11 - u. Let o(d) = d**2 + 9*d + 10. Let a(b) = 4*b**2 + 36*b + 41. Let n(i) = -2*a(i) + 9*o(i